60 divide 85760?
True
Does 7 divide 1643670?
True
Is 210517 even?
False
Does 80 divide 8390240?
True
Is 152 a factor of 1517259?
False
Is 12045269 a multiple of 5?
False
Does 589 divide 1690371?
False
Is 22 a factor of 4082192?
False
Is 4009618 a multiple of 445?
False
Is 2463365 a multiple of 71?
False
Does 36 divide 613908?
True
Does 138 divide 439806?
True
Is 2329226 a multiple of 205?
False
Is 274 a factor of 558751?
False
Is 345 a factor of 1426820?
False
Is 31 a factor of 302709?
False
Is 933 a multiple of 12?
False
Does 862 divide 912858?
True
Does 104 divide 2492880?
True
Is 8 a factor of 1663224?
True
Does 12 divide 241893?
False
Does 15 divide 2149560?
True
Does 4 divide 522628?
True
Is 58465 even?
False
Does 80 divide 1504403?
False
Is 321 a factor of 933147?
True
Is 203 a factor of 156751?
False
Does 2014 divide 726796?
False
Does 102 divide 9133522?
False
Does 44 divide 1281117?
False
Is 130260 a multiple of 390?
True
Is 96 a factor of 1402944?
True
Does 35 divide 19641580?
True
Does 1073 divide 2237792?
False
Is 122 a factor of 359568?
False
Does 6 divide 518039?
False
Does 262 divide 575090?
True
Does 46 divide 397716?
True
Does 115 divide 139985?
False
Is 5 a factor of 4617?
False
Is 1127502 a multiple of 2?
True
Does 72 divide 169962?
False
Is 28 a factor of 108416?
True
Does 25 divide 266250?
True
Does 174 divide 22301?
False
Is 6 a factor of 99990?
True
Does 43 divide 125646?
True
Does 23 divide 527534?
False
Does 6 divide 1757?
False
Is 49 a factor of 10188?
False
Is 201 a factor of 585312?
True
Is 730152 a multiple of 161?
False
Is 3 a factor of 681977?
False
Does 46 divide 3038042?
False
Is 45 a factor of 732420?
True
Is 11727300 a multiple of 25?
True
Does 345 divide 167161?
False
Is 53 a factor of 127094?
True
Is 870 a multiple of 4?
False
Does 3 divide 8353?
False
Does 17 divide 25759687?
False
Does 14 divide 47530?
True
Is 40026776 a multiple of 292?
True
Does 13 divide 379081?
False
Is 7286331 a multiple of 13?
True
Is 291 a factor of 411689?
False
Is 774588 a multiple of 182?
False
Is 1609305 a multiple of 85?
True
Is 6520049 a multiple of 7?
False
Does 28 divide 140672?
True
Is 118 a factor of 5013938?
True
Is 6 a factor of 56902?
False
Is 4007833 a multiple of 167?
True
Is 226 a factor of 1379813?
False
Does 71 divide 102666?
True
Does 1815 divide 5622830?
False
Does 24 divide 208494?
False
Is 117 a factor of 5202518?
False
Does 15 divide 2225550?
True
Is 8 a factor of 1031556?
False
Is 4 a factor of 2740?
True
Is 661 a factor of 2217655?
True
Does 299 divide 5389176?
True
Does 471 divide 942471?
True
Is 81592 a multiple of 94?
True
Does 427 divide 1459843?
False
Is 4336904 a multiple of 221?
True
Is 117600 a multiple of 150?
True
Is 702135 a multiple of 27?
True
Is 5 a factor of 70134?
False
Is 303000 a multiple of 150?
True
Is 65687 a multiple of 95?
False
Is 15 a factor of 210490?
False
Is 59225 a multiple of 2?
False
Is 219240 a multiple of 270?
True
Is 73 a factor of 247032?
True
Is 13092 a multiple of 12?
True
Is 816 a factor of 6754848?
True
Is 2249982 a multiple of 137?
False
Does 57 divide 9369589?
False
Is 1546476 a multiple of 355?
False
Is 284 a factor of 428989?
False
Is 2052135 a multiple of 27?
True
Is 532 a factor of 945896?
True
Does 39 divide 109395?
True
Is 2307001 a multiple of 118?
False
Is 1745416 a multiple of 152?
True
Does 7 divide 5102510?
True
Does 6 divide 80617?
False
Does 163 divide 3427401?
True
Is 391460 a multiple of 46?
True
Is 23 a factor of 360481?
False
Does 104 divide 1523009?
False
Does 19 divide 390376?
False
Is 324 a factor of 675864?
True
Is 427284 a multiple of 12?
True
Is 65510 a multiple of 382?
False
Does 131 divide 464264?
True
Is 27 a factor of 290466?
True
Is 593568 a multiple of 18?
True
Is 244112 a multiple of 176?
True
Does 30 divide 1277730?
True
Is 22 a factor of 193380?
True
Is 1488117 a multiple of 668?
False
Is 17 a factor of 1645634?
True
Does 70 divide 379890?
True
Is 90 a factor of 17730?
True
Is 33 a factor of 22491?
False
Does 6 divide 5334?
True
Does 16 divide 456661?
False
Does 452 divide 180250?
False
Is 14366 a multiple of 22?
True
Does 202 divide 152106?
True
Does 573 divide 77555?
False
Is 13899 a multiple of 4?
False
Does 14 divide 391384?
True
Does 24 divide 89352?
True
Is 16 a factor of 3783854?
False
Is 296805 a multiple of 141?
True
Is 85158 a multiple of 171?
True
Is 14 a factor of 633916?
False
Is 3 a factor of 16628?
False
Is 1791800 a multiple of 31?
True
Is 2513100 a multiple of 100?
True
Does 101 divide 12221?
True
Does 15 divide 1861305?
True
Does 3 divide 19691?
False
Does 63 divide 52605?
True
Is 572 a factor of 12231262?
False
Is 1940424 a multiple of 16?
False
Does 143 divide 3756931?
False
Is 3700860 a multiple of 60?
True
Is 100675 a multiple of 139?
False
Is 7444350 a multiple of 5?
True
Is 20 a factor of 2793141?
False
Is 21 a factor of 235824?
False
Is 4 a factor of 780408?
True
Does 40 divide 689511?
False
Is 2 a factor of 800?
True
Does 16 divide 128110?
False
Is 5 a factor of 104806?
False
Does 345 divide 3764792?
False
Does 126 divide 10456284?
False
Is 51 a factor of 38811?
True
Is 233 a factor of 6492545?
True
Is 4127930 a multiple of 41?
False
Does 24 divide 101376?
True
Is 512 a factor of 2244873?
False
Is 1959147 a multiple of 53?
False
Is 402 a factor of 1375979?
False
Is 17 a factor of 372945?
False
Is 44842 a multiple of 14?
True
Does 101 divide 6901330?
True
Is 297562 a multiple of 141?
False
Is 125664 a multiple of 32?
True
Is 851 a factor of 1456912?
True
Is 22 a factor of 10882?
False
Does 38 divide 948480?
True
Is 36 a factor of 59691?
False
Does 10 divide 2586810?
True
Does 103 divide 879002?
True
Does 27 divide 482031?
True
Is 2645484 a multiple of 38?
True
Is 13485 a multiple of 47?
False
Is 22590 a multiple of 15?
True
Is 24 a factor of 11702236?
False
Does 19 divide 1864808?
False
Is 11 a factor of 565?
False
Is 26 a factor of 57304?
True
Is 234 a factor of 493506?
True
Does 17 divide 25061230?
True
Is 134 a factor of 186528?
True
Is 16 a factor of 622448?
True
Is 244 a factor of 1567700?
True
Is 322 a factor of 2170625?
False
Is 14190 a multiple of 17?
False
Does 143 divide 133829?
False
Is 1260196 a multiple of 7?
True
Does 8 divide 1116219?
False
Does 3 divide 96201?
True
Is 4168 a multiple of 9?
False
Is 1194120 a multiple of 248?
True
Is 21 a factor of 131607?
True
Is 130928 a multiple of 135?
False
Does 214 divide 778297?
False
Is 23 a factor of 220824?
False
Is 75840 a multiple of 15?
True
Is 5268 a multiple of 21?
False
Is 302435 a multiple of 118?
False
Is 10840189 a multiple of 51?
False
Is 1054 a factor of 5171478?
False
Does 132 divide 418790?
False
Does 280 divide 747880?
True
Is 12852364 a multiple of 14?
True
Is 980 a factor of 499779?
False
Is 266 a factor of 8572382?
True
Is 2488688 a multiple of 54?
False
Does 152 divide 1314800?
True
Is 731929 a multiple of 253?
True
Does 9 divide 2638305?
True
Is 633372 a multiple of 1123?
True
Is 331592 a multiple of 181?
True
Is 6 a factor of 391041?
False
Is 24 a factor of 217886?
False
Is 1921276 a multiple of 14?
True
Is 362538 a multiple of 18?
True
Is 313269 a multiple of 4?
False
Does 21 divide 96265?
False
Does 156 divide 6133140?
True
Does 73 divide 31089970?
True
Is 101 a factor of 78545?
False
Is 2718711 even?
False
Is 65280 a multiple of 4?
True
Is 671859 a multiple of 11?
False
Does 17 divide 236521?
True
Is 149142 a multiple of 201?
True
Does 106 divide 88298?
True
Is 24 a factor of 5138341?
False
Is 1242719 a multiple of 19?
False
Is 65569 a multiple of 4?
False
Is 348 a factor of 113795?
False
Does 16 divide 49568?
True
Does 18 divide 109859?
False
Does 101 divide 2104436?
True
Is 18864 a multiple of 24?
True
Is 199 a factor of 6545014?
False
Is 5819213 a multiple of 1658?
False
Is 688960 a multiple of 160?
True
Does 141 divide 554721?
False
Is 19875 a multiple of 375?
True
Is 12 a factor of 78780?
True
Is 111 a factor of 227543?
False
Does 7 divide 847371?
True
Does 116 divide 901388?
False
Is 230 a factor of 361847?
False
Is 347 a factor of 166907?
True
Is 488 a factor of 510195?
False
Is 383783 a multiple of 34?
False
Is 606373 a multiple of 20?
False
Is 88 a factor of 2286328?
True
Does 37 divide 1361119?
True
Is 2111 a multip